 12, what is 1a4 - -49?
231
In base 11, what is -240 - -35?
-206
In base 6, what is -320513 - 4?
-320521
In base 15, what is -24e0c - -2?
-24e0a
In base 4, what is -10 - -1333031010?
1333031000
In base 11, what is 14 - -aa67?
aa80
In base 13, what is 42a - -7a?
4a7
In base 12, what is -1 - -18ab8?
18ab7
In base 10, what is -1 - -24791?
24790
In base 11, what is -11160 - 30?
-11190
In base 16, what is -440 - -19?
-427
In base 8, what is 5 + -12566?
-12561
In base 4, what is -10 - 101101?
-101111
In base 10, what is -9 - -61910?
61901
In base 4, what is -2 - 222333?
-223001
In base 11, what is 5525 + 145?
566a
In base 12, what is -a906 - 20?
-a926
In base 11, what is 1582 + -235?
1348
In base 13, what is 80c87 + 4?
80c8b
In base 5, what is -240011 - -10?
-240001
In base 9, what is -6558 + 233?
-6325
In base 5, what is -11120242 + -10?
-11120302
In base 12, what is 1831a0 - -2?
1831a2
In base 7, what is -1052 + -41044?
-42126
In base 7, what is -12352 - 6064?
-21446
In base 15, what is 2 - -4ad6?
4ad8
In base 8, what is 51226 - 26?
51200
In base 12, what is 1669 - 6a?
15bb
In base 4, what is -3230 - -211131?
201301
In base 13, what is 87 - 1501?
-1447
In base 12, what is 450b - -8a?
4599
In base 12, what is -72a2a - -1b?
-72a0b
In base 7, what is -15 + -1162?
-1210
In base 9, what is 3 + -186751?
-186747
In base 8, what is 1 + 2014?
2015
In base 9, what is -37 - 2117?
-2155
In base 9, what is -67003 - -34?
-66858
In base 14, what is cad8a + -2?
cad88
In base 6, what is -4 + 55314?
55310
In base 7, what is -5 + 60340?
60332
In base 10, what is -84971 - -5?
-84966
In base 6, what is -100553 - 0?
-100553
In base 5, what is 13310341 - 14?
13310322
In base 13, what is 9a9b + -2?
9a99
In base 10, what is 2046 + -438?
1608
In base 16, what is -3 + 417e?
417b
In base 7, what is -31 + 102220?
102156
In base 14, what is -96a + 3?
-967
In base 5, what is -2221343 + -4?
-2221402
In base 16, what is 264 - dc1?
-b5d
In base 6, what is 3554 - -20244?
24242
In base 16, what is 19 - 34e6?
-34cd
In base 3, what is 12 + 111211?
112000
In base 7, what is 2464 + -304?
2160
In base 16, what is -3 - f99?
-f9c
In base 3, what is 2 + -11002002121?
-11002002112
In base 10, what is -6569795 + -5?
-6569800
In base 3, what is -10 - -11121122212?
11121122202
In base 11, what is 5 + -195574?
-19556a
In base 12, what is 796 - -35?
80b
In base 10, what is 262 - -955?
1217
In base 5, what is -2 + 31002244?
31002242
In base 8, what is 61635 - -123?
61760
In base 9, what is -3 + -124348?
-124352
In base 11, what is -4615 - -235?
-4390
In base 4, what is 13211201 + -101?
13211100
In base 7, what is -412554 + 4?
-412550
In base 9, what is -5244 + 14?
-5230
In base 11, what is -51799 + 44?
-51755
In base 7, what is 441323 + 2?
441325
In base 15, what is -71bcd + 4?
-71bc9
In base 15, what is 2 + -4aa7c?
-4aa7a
In base 10, what is 4 + 1761?
1765
In base 3, what is -121111 + -11110?
-202221
In base 5, what is 10 + 1233140?
1233200
In base 7, what is -160 + -13506?
-13666
In base 14, what is 2052 - c?
2044
In base 4, what is -23 - 20033213?
-20033302
In base 15, what is -2a0 + 96?
-209
In base 7, what is -103400 - -362?
-103005
In base 12, what is 7 - -466?
471
In base 6, what is 320 - -34?
354
In base 6, what is -1104 - 5552?
-11100
In base 5, what is -32310 - -3311?
-23444
In base 5, what is -21 - -111432?
111411
In base 8, what is 3116 + -2521?
375
In base 3, what is 1111010211 - -21?
1111011002
In base 5, what is -14033 + 40342?
21304
In base 4, what is -30311 + 3010?
-21301
In base 11, what is -4a3 + -1409?
-1901
In base 8, what is -263 - 2440?
-2723
In base 11, what is 2868 - 111?
2757
In base 7, what is 0 + 3566302?
3566302
In base 12, what is -865 + 2ba?
-567
In base 16, what is -e + 3b?
2d
In base 15, what is 2 - 22c6d5?
-22c6d3
In base 16, what is -129e + 273?
-102b
In base 3, what is 1201121022 - 10?
1201121012
In base 13, what is -89a1 + 8?
-8996
In base 4, what is -212212303 - 2?
-212212311
In base 4, what is -1330 + 13202202?
13200212
In base 3, what is 1022022 - -21?
1022120
In base 12, what is 4 - 249?
-245
In base 8, what is -2 - -23307?
23305
In base 2, what is 110000100110110000111 - -101?
110000100110110001100
In base 5, what is 112 - -1223?
1340
In base 9, what is 1 - 45807?
-45806
In base 12, what is -56a2 + 2?
-56a0
In base 7, what is 56234 - 5?
56226
In base 11, what is -4 + -18a533?
-18a537
In base 16, what is -23a878 + 2?
-23a876
In base 10, what is 6433 + -7?
6426
In base 7, what is 1530046 + 1?
1530050
In base 10, what is -194 - -21246?
21052
In base 15, what is -9d67 - -5d?
-9d09
In base 14, what is 19a + b5a?
d16
In base 9, what is 517 - 11362?
-10744
In base 4, what is 1221323 + 0?
1221323
In base 3, what is 10101 - -10200120?
10210221
In base 8, what is -6022 + -111?
-6133
In base 8, what is 530523 + -3?
530520
In base 12, what is 36309b + 2?
3630a1
In base 4, what is 133 + -131233022?
-131232223
In base 12, what is 63961 + 5?
63966
In base 2, what is -1 + -11111101110001010101?
-11111101110001010110
In base 12, what is -97 + 93?
-4
In base 4, what is -101 - 21332?
-22033
In base 7, what is 33 - -11041?
11104
In base 6, what is -3221355 + 0?
-3221355
In base 12, what is -3b06 + -510?
-4416
In base 10, what is 2115 + -59?
2056
In base 16, what is 4 - -1707?
170b
In base 8, what is -3360603 - 4?
-3360607
In base 13, what is 18b - 431?
-273
In base 15, what is 0 + -3851?
-3851
In base 10, what is 154560 + 3?
154563
In base 15, what is -4e2 - 307?
-7e9
In base 4, what is 10 + 3013123?
3013133
In base 16, what is -bd - -c7c?
bbf
In base 14, what is -4 - 118d?
-1193
In base 15, what is a5 - c1?
-1b
In base 3, what is 1000221012 - 12?
1000221000
In base 6, what is 1102 + -202115?
-201013
In base 11, what is -4 + -14877?
-14880
In base 9, what is -766 - 3074?
-3851
In base 4, what is 10 - -1022222?
1022232
In base 6, what is 212 - -42102?
42314
In base 2, what is 100100110000 + -11001?
100100010111
In base 3, what is -112101220 + -202?
-112102122
In base 4, what is -3 + -12132123121?
-12132123130
In base 4, what is -2332313213 + 10?
-2332313203
In base 10, what is 5 + -5958?
-5953
In base 13, what is -2 + 7209?
7207
In base 10, what is -7 - 3533?
-3540
In base 2, what is -1110111100010100 - 1100?
-1110111100100000
In base 7, what is 345430 + -1?
345426
In base 9, what is 118 - 1136?
-1017
In base 3, what is 2 - -10011211212?
10011211221
In base 6, what is 1511 + 1010?
2521
In base 12, what is 1a + 3852?
3870
In base 11, what is 12 - -7268?
727a
In base 7, what is -1 - 1131336?
-1131340
In base 15, what is a46 - -7b?
ac2
In base 14, what is 3 - 8982?
-897d
In base 16, what is -14203 + -2?
-14205
In base 3, what is 10 + 101101112?
101101122
In base 10, what is 21246 - -3?
21249
In base 10, what is -77071 + 4?
-77067
In base 4, what is 2101300 + -120?
2101120
In base 14, what is -125 + -30?
-155
In base 9, what is 5186 - 0?
5186
In base 5, what is -3434 + -320?
-4304
In base 3, what is 1000 - 2001?
-1001
In base 10, what is -1533049 + 2?
-1533047
In base 13, what is -140 - 291?
-401
In base 12, what is -109 - -670?
563
In base 2, what is -101111011011101111 - 101?
-101111011011110100
In base 13, what is -38332 - 3?
-38335
In base 15, what is 9 + -8aaa?
-8aa1
In base 2, what is -1010100 - 1011101111011?
-1011111001111
In base 14, what is -39 + a8?
6d
In base 11, what is -8953 - 9?
-8961
In base 12, what is -12 - 15049?
-1505b
In base 16, what is 12 + 3f3?
405
In base 5, what is 11440430 + 21?
11441001
In base 12, what is 5 - 6565a?
-65655
In base 12, what is -26 - -1720?
16b6
In base 2, what is 110101110 + -10100001?
100001101
In base 16, what is -1890c - -2?
-1890a
In base 6, what is -41 - -402?
321
In base 7, what is 145 - -3624?
4102
In base 13, what is 492 + 44?
506
In base 3, what is -222 - -10002202?
10001210
In base 9, what is -77 + 15432?
15344
In base 14, what is 51d7 - -3b?
5234
In base 12, what is -195 + 9a9?
814
In base 16, what is 4 - 22c5?
-22c1
In base 9, what is 1104 - -354?
1458
In base 8, what is 4 + -231723?
-231717
In base 6, what is -2 - -3331402?
3331400
In base 7, what is -5413015 - 0?
-5413015
In base 16, what is -4a7d - b?
-4a88
In base 13, what is 2 - -3436?
3438
In base 5, what is -100 + 13300441?
13300341
In base 8, what is -34 - -7667